{"id":151,"date":"2025-03-07T10:50:11","date_gmt":"2025-03-07T10:50:11","guid":{"rendered":"https:\/\/kronikiwedrowca.pl\/?page_id=151"},"modified":"2025-03-07T10:51:11","modified_gmt":"2025-03-07T10:51:11","slug":"dziennik-skazanca-dzien-1-cz-iii","status":"publish","type":"page","link":"https:\/\/kronikiwedrowca.pl\/index.php\/kroniki-myrtany-khorinis\/dziennik-skazanca-dzien-1-cz-iii\/","title":{"rendered":"Dziennik Skaza\u0144ca, dzie\u0144 1, cz. III"},"content":{"rendered":"<p>Niewiele pami\u0119tam z tego dnia. Zostali\u015bmy zaatakowani przez z\u0119bacze i zmuszeni skoczyli\u015bmy do kolonii. Nie trwa\u0142o to d\u0142ugo, odleg\u0142o\u015b\u0107 nie by\u0142a jaka\u015b wielka, ale czu\u0142em \u017ce spadam godzinami. Ka\u017cdy centymetr lotu \u0142adowa\u0142 do mojej pod\u015bwiadomo\u015bci skrajne emocje \u2013 szcz\u0119\u015bcie, niedowierzanie, \u017cal, smutek. Z jednej stron \u017cyli\u015bmy, ale z drugiej \u2013 co to za \u017cycie? Nie mieli\u015bmy wyboru, gdyby nie ten w\u0105tpliwy akt odwagi, sko\u0144czyliby\u015bmy jako \u017carcie dla tych przekl\u0119tych jaszczur\u00f3w.<br \/>\nKiedy ju\u017c wpadli\u015bmy do tego jeziora, pami\u0119tam \u017ce mi i Willowi ledwo uda\u0142o si\u0119 dop\u0142yn\u0105\u0107 do brzegu. B\u0119d\u0105c bardziej precyzyjnym \u2013 z wielkim b\u00f3lem, chyba ju\u017c ka\u017cdej cz\u0119\u015bci cia\u0142a, przywlok\u0142em go na l\u0105d. D\u0142ugo le\u017celi\u015bmy na malutkiej, piaszczystej pla\u017cy. Kiedy uda\u0142o mi si\u0119 w ko\u0144cu otrz\u0105sn\u0105\u0107 i uzyska\u0107 troch\u0119 wi\u0119cej czucia w r\u0119kach, rozejrza\u0142em si\u0119 dooko\u0142a. Znajdowali\u015bmy si\u0119 na miejscu zwanym Placem Wymian, a jak si\u0119 p\u00f3\u017aniej dowiedzia\u0142em \u2013 jedynym miejscem kontaktu wi\u0119\u017ani\u00f3w ze \u015bwiatem zewn\u0119trznym. Na wielkiej drewnianej platformie ustawionej nad brzegiem jeziora, znajdowa\u0142o si\u0119 co\u015b co przypomina\u0142o wyci\u0105g. U\u017cywany by\u0142 do wymiany towar\u00f3w mi\u0119dzy Koloni\u0105, a reszt\u0105 wyspy Khorinis. To tutaj wi\u0119\u017aniowie otrzymywali raz w miesi\u0105cu wszystko to, co chcieli \u2013 nawet kobiety. W zamian oczywi\u015bcie wysy\u0142ali kr\u00f3lowi magiczn\u0105 rud\u0119, wydobywan\u0105 w kilku miejscowych kopalniach.<br \/>\nZostawi\u0142em Willa na brzegu i poszed\u0142em rozejrze\u0107 si\u0119 po tym miejscu. Znalaz\u0142em tu kilka skrzy\u0144 oraz jakie\u015b paczki, a wszystko to zadaszone drewnianym, przymocowanym do zbocza ska\u0142 dachem. By\u0142o tylko jedno miejsce, nieco na uboczu za stosem skrzy\u0144, kt\u00f3re mog\u0142o nada\u0107 si\u0119 na sen. Nie wiedzia\u0142em bowiem czy nie spotka nas tu jaka\u015b niespodzianka. Wr\u00f3ci\u0142em po Willa i z wielkim wysi\u0142kiem przenios\u0142em go w to miejsce. U\u0142o\u017cy\u0142em go, a sam poszed\u0142em rozejrze\u0107 si\u0119 po okolicy. Do Placu Wymian prowadzi\u0142a tylko jedna \u015bcie\u017cka. Nie maj\u0105c wielkiego wyboru, uda\u0142em si\u0119 ni\u0105 przed siebie. Kiedy droga przede mn\u0105 zmieni\u0142a si\u0119 w ciasn\u0105 prze\u0142\u0119cz, us\u0142ysza\u0142em pierwsze g\u0142osy \u2013 byli to stra\u017cnicy, kt\u00f3rzy pilnowali bramy prowadz\u0105cej do tego miejsca. Oczywi\u015bcie, jakby wra\u017ce\u0144 by\u0142o ma\u0142o, przej\u015bcie by\u0142o zamkni\u0119te. Nie pami\u0119tam o czym rozmawiali, ale komentowali chyba ostatni\u0105 dostaw\u0119.<br \/>\nNiestety, by\u0142o to ostatnie odkrycie, w tym chyl\u0105cym si\u0119 ku ko\u0144cowi dniu. Przeszuka\u0142em wszystkie skrzynie i paczki, ale nie znalaz\u0142em ani \u017cadnego jedzenia, ani \u017cadnego u\u017cytecznego sprz\u0119tu. Zerkn\u0105\u0142em te\u017c na Willa, jego stan nie by\u0142 najlepszy, ale stabilniejszy ni\u017c po wypadku. Wiecie co robi\u0142? To co zawsze, czyli smacznie sobie spa\u0142. Ja za to stara\u0142em si\u0119 zachowa\u0107 czujno\u015b\u0107 za nas obu. Pr\u00f3buj\u0105c oczywi\u015bcie przy okazji nie rozpacza\u0107 nad sob\u0105, swoim losem i beznadziejn\u0105 sytuacj\u0105, kt\u00f3r\u0105 sam nam zgotowa\u0142em. I nie, nie interesowa\u0142o mnie to \u017ce inaczej bym ju\u017c nie \u017cy\u0142.<br \/>\nSen nie chcia\u0142 przyj\u015b\u0107, wi\u0119c usiad\u0142em na kraw\u0119dzi platformy i spojrza\u0142em w to\u0144 wody. By\u0142a bardzo spokojna i czysta, wi\u0119c wyra\u017anie widzia\u0142em swoje odbicie oraz ksi\u0119\u017cyc, kt\u00f3ry tej nocy by\u0142 wyj\u0105tkowo du\u017cy. W pewnej chwili sta\u0142o si\u0119 co\u015b niezwyk\u0142ego, a w zasadzie to dwie rzeczy. Po pierwsze, na niebie zamajaczy\u0142y pot\u0119\u017cne wy\u0142adowania energii magicznej na barierze, przez co by\u0142a widoczna niczym Nordmarskie zorze. Straszliwa, a zarazem pi\u0119kna \u2013 \u0142\u0105cz\u0105ca barwi zieleni i b\u0142\u0119kit\u00f3w.<br \/>\nPo drugie, zacz\u0105\u0142 pada\u0107 deszcze. Znowu ten cholerny, beznadziejnie ch\u0142odny deszcz.<\/p>\n","protected":false},"excerpt":{"rendered":"<p>Niewiele pami\u0119tam z tego dnia. Zostali\u015bmy zaatakowani przez z\u0119bacze i zmuszeni skoczyli\u015bmy do kolonii. Nie trwa\u0142o to d\u0142ugo, odleg\u0142o\u015b\u0107 nie [&hellip;]<\/p>\n","protected":false},"author":1,"featured_media":0,"parent":145,"menu_order":3,"comment_status":"open","ping_status":"closed","template":"","meta":{"footnotes":""},"class_list":["post-151","page","type-page","status-publish","hentry"],"_links":{"self":[{"href":"https:\/\/kronikiwedrowca.pl\/index.php\/wp-json\/wp\/v2\/pages\/151","targetHints":{"allow":["GET"]}}],"collection":[{"href":"https:\/\/kronikiwedrowca.pl\/index.php\/wp-json\/wp\/v2\/pages"}],"about":[{"href":"https:\/\/kronikiwedrowca.pl\/index.php\/wp-json\/wp\/v2\/types\/page"}],"author":[{"embeddable":true,"href":"https:\/\/kronikiwedrowca.pl\/index.php\/wp-json\/wp\/v2\/users\/1"}],"replies":[{"embeddable":true,"href":"https:\/\/kronikiwedrowca.pl\/index.php\/wp-json\/wp\/v2\/comments?post=151"}],"version-history":[{"count":1,"href":"https:\/\/kronikiwedrowca.pl\/index.php\/wp-json\/wp\/v2\/pages\/151\/revisions"}],"predecessor-version":[{"id":152,"href":"https:\/\/kronikiwedrowca.pl\/index.php\/wp-json\/wp\/v2\/pages\/151\/revisions\/152"}],"up":[{"embeddable":true,"href":"https:\/\/kronikiwedrowca.pl\/index.php\/wp-json\/wp\/v2\/pages\/145"}],"wp:attachment":[{"href":"https:\/\/kronikiwedrowca.pl\/index.php\/wp-json\/wp\/v2\/media?parent=151"}],"curies":[{"name":"wp","href":"https:\/\/api.w.org\/{rel}","templated":true}]}}