{"id":125,"date":"2025-03-07T10:21:54","date_gmt":"2025-03-07T10:21:54","guid":{"rendered":"https:\/\/kronikiwedrowca.pl\/?page_id=125"},"modified":"2025-03-07T10:22:03","modified_gmt":"2025-03-07T10:22:03","slug":"kredki","status":"publish","type":"page","link":"https:\/\/kronikiwedrowca.pl\/index.php\/kroniki-owczesnosci\/kredki\/","title":{"rendered":"Kredki"},"content":{"rendered":"<p>&#8211; Boj\u0119 si\u0119 prosz\u0119 pani, ja nie wiem co si\u0119 sta\u0142o \u2013 powiedzia\u0142 ma\u0142y Ada\u015b dr\u017c\u0105cym g\u0142osem, patrz\u0105c w ziemie i nerwowo chowaj\u0105c r\u0119ce w kieszeni niebieskich, dresowych spodni. \u2013 Czemu nie mog\u0119 zobaczy\u0107 si\u0119 z mam\u0105 i siostr\u0105? Chc\u0119 si\u0119 przytuli\u0107, chc\u0119 do mamy. \u2013 doda\u0142 po chwili, szlochaj\u0105c cichute\u0144ko, a serca wszystkich obecnych w pokoju stan\u0119\u0142y w gard\u0142ach.<br \/>\n&#8211; Spokojnie Adasiu, wszystko b\u0119dzie dobrze. \u2013 odpowiedzia\u0142a Magda, jasnow\u0142osa pani detektyw, kucaj\u0105c przy ch\u0142opcu i patrz\u0105c mu g\u0142\u0119boko w oczy. \u2013 Teraz nie mo\u017cesz si\u0119 z nimi zobaczy\u0107, ale jak tylko b\u0119dzie to mo\u017cliwe to ci o tym powiem. \u2013 odrzek\u0142a, chocia\u017c g\u0142os nieco jej zadr\u017ca\u0142, co nie umkn\u0119\u0142o uwadze Adasia.<br \/>\n&#8211; Pani si\u0119 te\u017c boi? \u2013 doda\u0142 nagle, patrz\u0105c Magdzie prosto w oczy.<br \/>\n&#8211; Ja? Nie, dlaczego \u2013 odrzek\u0142a, chocia\u017c wiedzia\u0142a, \u017ce ten u\u015bmiech by\u0142 wymuszony i naprawd\u0119 stara\u0142a si\u0119 zachowa\u0107 spok\u00f3j. \u2013 Mo\u017ce przejdziemy si\u0119 na spacer, co ty na to? Nied\u0142ugo przyjedzie w odwiedziny babcia i we\u017amie ci\u0119 do siebie. \u2013 doda\u0142a, g\u0142aszcz\u0105c ch\u0142opca po ramieniu.<br \/>\n&#8211; Babcia Jasia? Naprawd\u0119? \u2013 ch\u0142opiec ucieszy\u0142 si\u0119. \u2013 Zd\u0105\u017c\u0119 zrobi\u0107 dla niej laurk\u0119? \u2013 doda\u0142 od razu, szukaj\u0105c wzrokiem paczki kredek, kt\u00f3r\u0105 zostawi\u0142 gdzie\u015b na stole w salonie.<br \/>\n&#8211; Tak Adasiu, oczywi\u015bcie. S\u0105 na stole. \u2013 powiedzia\u0142a Magda i wskaza\u0142a wzrokiem kolorow\u0105 paczk\u0119 kredek. \u2013 Wujek Piotrek si\u0119 Tob\u0105 zajmie. \u2013 Magda wsta\u0142a i podesz\u0142\u0105 do jednego z policjant\u00f3w, kt\u00f3ry zabezpiecza\u0142 miejsce zbrodni, przegl\u0105daj\u0105c zdj\u0119cia w aparacie fotograficznym.<br \/>\n&#8211; Piotrze, zajmiesz si\u0119 m\u0142odym? Ja musz\u0119 na chwil\u0119 wej\u015b\u0107 do ich\u00a0 pokoju. \u2013 powiedzia\u0142 niemal szeptem, ca\u0142y czas zerkaj\u0105 w kierunku Adasia, u\u015bmiechaj\u0105c si\u0119 i potwierdzaj\u0105c wszystko to, o co pyta\u0142 ma\u0142y ch\u0142opiec przez p\u00f3\u0142 pokoju.<br \/>\n&#8211; Co? Ja? Jak? \u2013 odpowiedzia\u0142 skonsternowany Piotr, zerkaj\u0105c to na zdj\u0119cia, to na Magd\u0119. \u2013 Przecie\u017c wiesz, \u017ce jestem zaj\u0119ty. Jak ty sobie to wyobra\u017casz? \u2013 doda\u0142, ale kiedy spojrza\u0142 na min\u0119 kole\u017canki z pracy, odpu\u015bci\u0142.<br \/>\n&#8211; Prosz\u0119, zr\u00f3b to dla mnie. Wynagrodz\u0119 Ci to jako\u015b, musz\u0119 tam wej\u015b\u0107. \u2013 odrzek\u0142a i pu\u015bci\u0142a do niego oko.<br \/>\nOd razu podesz\u0142a do Adasia i zobaczy\u0142a co rysuje. Jednak to co zobaczy\u0142a, by\u0142o dalekie od ciekawego. Ja\u015b rysowa\u0142 jakie\u015b kszta\u0142ty, kreski w czarni i czerwieni, kt\u00f3re nie mia\u0142y \u017cadnego wi\u0119kszego sensu. Nachyli\u0142a si\u0119 przy nim, chwil\u0119 porozmawia\u0142a ale ch\u0142opiec zdawa\u0142 si\u0119 by\u0107 w swoim \u015bwiecie. W tym momencie nic go nie interesowa\u0142o i niespecjalnie przejmowa\u0142 si\u0119 obecno\u015bci\u0105 Magdy.<br \/>\nOdchodz\u0105c od sto\u0142u, da\u0142a jeszcze Piotrowi zna\u0107 na migi, \u017ceby zrobi\u0142 kilka zdj\u0119\u0107 rysunk\u00f3w Adasia, a sama uda\u0142o si\u0119 do pokoju dzieci\u0119cego, gdzie zapakowane w worki le\u017ca\u0142y zw\u0142oki tr\u00f3jki os\u00f3b. Dw\u00f3ch doros\u0142ych i dziecka. Dw\u00f3ch policjant\u00f3w zabezpiecza\u0142o \u015blady i odciski, a trzeci kr\u0119ci\u0142 si\u0119 mi\u0119dzy pokojem, a wej\u015bciowymi drzwiami, kt\u00f3re z jakiego\u015b powodu nie chcia\u0142y si\u0119 domkn\u0105\u0107.<br \/>\n&#8211; Znale\u017ali\u015bcie co\u015b jeszcze? \u2013 zapyta\u0142a od razu, spogl\u0105daj\u0105c na jednego z m\u0119\u017cczyzn, wysokiego, \u0142ysego z ostrymi rysami twarzy.<br \/>\n&#8211; Nic nowego, ale sprawa jest ciekawa, sp\u00f3jrz. \u2013 powiedzia\u0142 policjant, otwieraj\u0105c jeden z work\u00f3w, w kt\u00f3rym le\u017ca\u0142y zw\u0142oki kilkuletniej dziewczynki.<\/p>\n","protected":false},"excerpt":{"rendered":"<p>&#8211; Boj\u0119 si\u0119 prosz\u0119 pani, ja nie wiem co si\u0119 sta\u0142o \u2013 powiedzia\u0142 ma\u0142y Ada\u015b dr\u017c\u0105cym g\u0142osem, patrz\u0105c w ziemie [&hellip;]<\/p>\n","protected":false},"author":1,"featured_media":0,"parent":78,"menu_order":1,"comment_status":"open","ping_status":"closed","template":"","meta":{"footnotes":""},"class_list":["post-125","page","type-page","status-publish","hentry"],"_links":{"self":[{"href":"https:\/\/kronikiwedrowca.pl\/index.php\/wp-json\/wp\/v2\/pages\/125","targetHints":{"allow":["GET"]}}],"collection":[{"href":"https:\/\/kronikiwedrowca.pl\/index.php\/wp-json\/wp\/v2\/pages"}],"about":[{"href":"https:\/\/kronikiwedrowca.pl\/index.php\/wp-json\/wp\/v2\/types\/page"}],"author":[{"embeddable":true,"href":"https:\/\/kronikiwedrowca.pl\/index.php\/wp-json\/wp\/v2\/users\/1"}],"replies":[{"embeddable":true,"href":"https:\/\/kronikiwedrowca.pl\/index.php\/wp-json\/wp\/v2\/comments?post=125"}],"version-history":[{"count":1,"href":"https:\/\/kronikiwedrowca.pl\/index.php\/wp-json\/wp\/v2\/pages\/125\/revisions"}],"predecessor-version":[{"id":126,"href":"https:\/\/kronikiwedrowca.pl\/index.php\/wp-json\/wp\/v2\/pages\/125\/revisions\/126"}],"up":[{"embeddable":true,"href":"https:\/\/kronikiwedrowca.pl\/index.php\/wp-json\/wp\/v2\/pages\/78"}],"wp:attachment":[{"href":"https:\/\/kronikiwedrowca.pl\/index.php\/wp-json\/wp\/v2\/media?parent=125"}],"curies":[{"name":"wp","href":"https:\/\/api.w.org\/{rel}","templated":true}]}}